. Calculate the greatest common factor of w and 4.
1
Suppose 7*v = 6*v + 30. Let o be 2/10 - (-2664)/v. Let g = o + -64. Calculate the greatest common factor of g and 5.
5
Let b be ((-1)/(1/(-2)))/(-11 + 12). Suppose -b*s + s + 16 = 2*o, -102 = -5*s + o. Let u = -22 + 32. Calculate the greatest common divisor of s and u.
10
Suppose -6*q = 2*q - 232. What is the greatest common factor of q and 145?
29
Let o = -271 + 521. What is the greatest common factor of o and 10?
10
Let j(f) = -f - 1. Let o(l) = l**2 - 10*l + 2. Let c(d) = 4*j(d) - o(d). Let n be c(4). Suppose -n*x = x - 117. Calculate the highest common factor of 26 and x.
13
Let b = 350 - 345. Let z(p) = 2*p**2 - p + 1 - 2 - p. Let o be z(b). Calculate the greatest common factor of 26 and o.
13
Suppose 20 = -0*s + 5*s. Let x = 571 + -341. Let h be 9/(-12) + x/8. What is the highest common divisor of h and s?
4
Let m be ((-1)/((-14)/120))/((-58)/(-609)). Suppose 3*k - k - 30 = 0. What is the highest common divisor of k and m?
15
Suppose 3*h - 27 = -4*f + 7*f, -27 = -2*h - f. Suppose -4*m + a = 4*a - h, -4*m + 12 = a. Let q = 19 - m. Calculate the greatest common divisor of q and 24.
8
Let r be 50*(4 + -3 - -2). Calculate the greatest common divisor of r and 30.
30
Suppose -2*o + 688 = 3*f, -5*f - 2*o = 527 - 1679. What is the greatest common factor of f and 16?
8
Let k(t) = 13*t - 65. Let m be k(6). Let u(i) = 3*i**2 + i - 4. Let h(z) = z. Let j be h(3). Let c be u(j). What is the highest common divisor of m and c?
13
Suppose -10 = -25*z + 615. Let i(s) = 30*s**2 - 4*s - 3. Let q be i(-2). Calculate the highest common factor of z and q.
25
Suppose 3*c + 6 - 3 = 3*j, -3*c + 12 = 2*j. Let k be (2 + -2 - c)*-5. Calculate the greatest common factor of k and 15.
5
Let a be (-9 + 35)/(4/2). Calculate the greatest common divisor of a and 169.
13
Let m = -1200 - -563. Let l be -1 - (m + 1 + -5). Suppose -11*d + l = -6*d. Calculate the highest common factor of 32 and d.
32
Suppose 3*w - 6*w = -42. What is the greatest common factor of w and 2?
2
Let y(q) be the second derivative of -q**5/20 - q**4/12 + 7*q**3/6 + 2*q**2 - 3*q. Let z be y(-3). What is the greatest common factor of 9 and z?
1
Suppose -2*o - 5*o + 105 = 0. Calculate the highest common divisor of 705 and o.
15
Let p(c) = -c**2 + 7*c + 9. Let t be p(7). Suppose 6 = 3*i, -3*h = 3*i + 2*i - 199. Calculate the greatest common factor of h and t.
9
Let u be 20/(-25)*(-100)/12*3. What is the greatest common factor of 95 and u?
5
Let u = -99 - -53. Let r = -27 - u. What is the highest common divisor of r and 171?
19
Let w(m) = -m**3 - 6*m**2 - m - 2. Let q be w(-6). What is the highest common factor of q and 7?
1
Let l = 31 + -17. Let k = -25 + 25. Suppose k*z = 4*z - 504. What is the highest common divisor of l and z?
14
Let o = 289 - 268. Calculate the greatest common factor of o and 161.
7
Let s = -52 + 64. What is the greatest common divisor of s and 33?
3
Let k be (-4)/12 + (-26)/(-6). Let v = 3 + k. Suppose 14*g - 19*g + 105 = 0. What is the greatest common divisor of g and v?
7
Suppose 2*p - 128 = -3*d, p + 7*d = 8*d + 74. What is the greatest common divisor of 20 and p?
10
Suppose -110*n + 2073 + 2407 = 30*n. Suppose 2*v + u - 252 = 0, 0 = -3*v + v - 5*u + 236. Calculate the highest common factor of v and n.
32
Suppose 11 - 1 = 5*u. Suppose -s = j - 43, u*j = 5*j - 3*s - 111. Let i(f) = f**2 + f - 2. Let m be i(-4). Calculate the highest common factor of j and m.
10
Let f(k) = k**3 + 19*k**2 - 23*k + 71. Let w be f(-17). What is the greatest common factor of 390 and w?
130
Suppose -32*i + 140 = -25*i. What is the greatest common divisor of 460 and i?
20
Let p be (-1)/(((-1)/(-2))/(90/(-20))). Calculate the highest common factor of 576 and p.
9
Let t(f) = f**2 + f - 3. Let y be t(2). Let p = -17 - 15. Let a = p + 33. What is the greatest common factor of y and a?
1
Suppose 12 = c - 7. Suppose 3*u + c = 139. What is the highest common factor of 5 and u?
5
Let n(y) = -4*y**3 - 9*y**2 - 19*y - 9. Let v be n(-2). What is the highest common divisor of v and 925?
25
Suppose -8*w = -3*w + 5*q - 85, 0 = 5*w - 5*q - 125. Let f be 62 + (2 - (-3 - -4)). What is the highest common factor of w and f?
21
Let c = 97 + -52. Suppose -35*x + 90 = -29*x. What is the highest common divisor of c and x?
15
Suppose j + 3*i = 47, 5*j - 4*i + 3*i = 187. Let o = 60 - j. Calculate the greatest common factor of 55 and o.
11
Let p = -30 + 35. Let w(x) = 11 + 6*x**2 - p*x**2 - x - 2. Let y be w(10). Calculate the highest common divisor of y and 9.
9
Suppose -21 = 2*o + 5*b - 6, -10 = 2*b. Suppose -10 - 28 = -l - o*q, -q = -5*l + 138. What is the greatest common divisor of 252 and l?
28
Suppose 0 = 7*r + 8 - 1. Let l(s) = s + 3. Let b be l(r). What is the highest common factor of b and 6?
2
Let q = 23 - 20. Suppose 36 = q*w + w. Suppose -n = 2*n - 2*k - 18, -w = -3*k. What is the highest common divisor of n and 64?
8
Let v(w) = -w**3 - 40*w**2 + 84*w + 21. Let f be v(-42). Calculate the highest common divisor of f and 84.
21
Let a be 22/(-11) + 3 + -4 - -7. Calculate the greatest common divisor of 128 and a.
4
Let x(m) = -m**3 + 4*m**2 + 11*m + 9. Let u be x(6). Suppose -76 = c - u*c - 4*t, -4*t - 116 = -2*c. What is the greatest common factor of c and 6?
6
Let k be -10*((-2)/5 - 7/70). Let c(d) = d**2 - 5*d + 1. Let x be c(k). Calculate the highest common factor of x and 5.
1
Let r be (-2)/((-3)/2 + 2). Let y be 3120/68 - r/34. Let f = 144 - y. What is the greatest common divisor of 14 and f?
14
Suppose 6*o = 2*o + 8. Suppose o*h - 10 - 4 = 0. Suppose 0 = -5*l + 157 - h. Calculate the highest common factor of l and 12.
6
Suppose 0 = -g + s - 2*s + 299, 584 = 2*g - 5*s. What is the greatest common factor of g and 33?
33
Let f = -274 + 362. Calculate the greatest common divisor of 16 and f.
8
Suppose -4*w - 3*i + 60 = 0, -w + 4 = -2*w + 4*i. Let z be 84*(56/w + -3). Let d be -1*((-2 - -1) + -13). Calculate the greatest common factor of d and z.
14
Let v be 183/21 - 4/(-14). Suppose 2*m = 4*p - v - 11, 5*m + 2 = -2*p. Let f be 33/(-6)*m + -1. What is the greatest common divisor of f and 90?
10
Let o be ((-2)/4)/(9/(-72)). Let j be o - (3 - 9)/(-1). Let w = j - -14. What is the greatest common factor of 8 and w?
4
Let l = 916 - 492. Suppose -4*u = -2*j + l, 3*j - 2*u - 1076 = -2*j. What is the greatest common factor of 27 and j?
27
Let p be (-15)/5 - (-28)/2. Suppose 3*s - 4 = p, 2*f + s - 29 = 0. Suppose 4 = 2*h - 92. What is the highest common factor of f and h?
12
Let v be 2*2/(16/36). Let p = 37 - v. Calculate the highest common factor of 7 and p.
7
Let j = 8 + -19. Let d = j - -7. Let w = 19 - d. What is the highest common divisor of 115 and w?
23
Let u = 180 + -160. What is the greatest common factor of 20 and u?
20
Let y = -56 + 58. Let b be y/5 - ((-596)/10 - 0). What is the greatest common factor of b and 12?
12
Suppose 10*h = 23 - 3. Suppose h*i - 31 - 7 = 0. What is the greatest common factor of 133 and i?
19
Suppose -3096*p + 972 = -3090*p. What is the highest common factor of p and 594?
54
Let v(a) = -31*a - 16. Let m be v(-6). Suppose -m = -5*l + 50. Calculate the greatest common divisor of l and 132.
44
Suppose 0 = -5*n + 5, 3*x - 1080 = 3*n - 432. Calculate the greatest common divisor of 62 and x.
31
Let k(s) = 10*s**2 + 5. Let v be k(2). Suppose -21 - 159 = -4*n. What is the greatest common factor of n and v?
45
Suppose 0 = -160*r + 153*r + 1078. What is the highest common factor of r and 70?
14
Let d be (80 - (-6)/2) + (-18 - -16). Let g = -4 + 13. Calculate the highest common divisor of d and g.
9
Suppose 2*r + 22 + 84 = 2*c, -2*r = 3*c - 184. Calculate the greatest common divisor of c and 58.
58
Let u(w) = -w**3 - 13*w**2 + 28*w + 91. Let r be u(-15). What is the highest common divisor of 11 and r?
11
Let v be 3*1/1 + 24. Suppose 1 = -7*g + 15. Let t be g*-2 + 278/2. Calculate the highest common factor of v and t.
27
Suppose 6*u - 16 = 2. Suppose -6*n + u*n + 165 = 0. What is the highest common factor of n and 5?
5
Let r = 609 - 597. What is the greatest common divisor of r and 100?
4
Let g = -6 + 10. Let v = 6 - g. Suppose w + v = 2*m + 4*w, -5*m - 3*w + 23 = 0. Calculate the greatest common divisor of m and 7.
7
Let d = -431 + 457. What is th